ed by 4243343.
0
What is the remainder when 10185 is divided by 184?
65
What is the remainder when 1912987 is divided by 281?
220
What is the remainder when 16042099 is divided by 16042098?
1
What is the remainder when 26349 is divided by 8683?
300
Calculate the remainder when 104946 is divided by 1822.
1092
What is the remainder when 18012 is divided by 2729?
1638
What is the remainder when 734370 is divided by 80?
50
Calculate the remainder when 90361882 is divided by 684.
10
Calculate the remainder when 119906335 is divided by 385.
10
What is the remainder when 103181 is divided by 1517?
25
What is the remainder when 31214162 is divided by 4733?
27
Calculate the remainder when 21578370 is divided by 4.
2
Calculate the remainder when 5767 is divided by 2713.
341
Calculate the remainder when 138340657 is divided by 1976295.
7
What is the remainder when 6340920 is divided by 47676?
12
Calculate the remainder when 12230391 is divided by 7280.
7271
What is the remainder when 17449 is divided by 2570?
2029
What is the remainder when 72850 is divided by 3157?
239
Calculate the remainder when 89536048 is divided by 4350.
4348
Calculate the remainder when 4808 is divided by 4464.
344
What is the remainder when 3745712 is divided by 31?
13
Calculate the remainder when 6412 is divided by 2579.
1254
Calculate the remainder when 28240799 is divided by 100.
99
What is the remainder when 3521461 is divided by 2437?
2433
Calculate the remainder when 1200458 is divided by 89.
26
Calculate the remainder when 4808145 is divided by 8026.
571
What is the remainder when 10740429 is divided by 214?
197
Calculate the remainder when 533412 is divided by 135.
27
Calculate the remainder when 30400297 is divided by 2411.
2409
What is the remainder when 8058 is divided by 4718?
3340
Calculate the remainder when 77212 is divided by 3682.
3572
What is the remainder when 35186 is divided by 1798?
1024
Calculate the remainder when 2458462 is divided by 152.
14
What is the remainder when 3483408 is divided by 6558?
1110
Calculate the remainder when 18925201 is divided by 2365646.
33
What is the remainder when 3342492 is divided by 1670947?
598
Calculate the remainder when 825777 is divided by 3.
0
What is the remainder when 1323058 is divided by 88201?
43
What is the remainder when 9302 is divided by 2197?
514
Calculate the remainder when 21145667 is divided by 182.
179
What is the remainder when 14440588 is divided by 18?
16
Calculate the remainder when 990424 is divided by 198021.
319
Calculate the remainder when 823167 is divided by 205784.
31
Calculate the remainder when 53904 is divided by 3590.
54
What is the remainder when 15231104 is divided by 786?
782
Calculate the remainder when 5549957 is divided by 15857.
7
What is the remainder when 3148976 is divided by 93?
89
What is the remainder when 117834 is divided by 116?
94
Calculate the remainder when 70038 is divided by 3541.
2759
Calculate the remainder when 1191326 is divided by 396829.
839
What is the remainder when 107307724 is divided by 5?
4
Calculate the remainder when 1864629 is divided by 458.
111
Calculate the remainder when 107804 is divided by 1086.
290
Calculate the remainder when 476402 is divided by 52922.
104
Calculate the remainder when 19145 is divided by 2156.
1897
What is the remainder when 306523619 is divided by 1170?
1169
What is the remainder when 4463487 is divided by 1487825?
12
Calculate the remainder when 20354 is divided by 220.
114
What is the remainder when 463586 is divided by 456685?
6901
Calculate the remainder when 349605 is divided by 8405.
5000
What is the remainder when 16174981 is divided by 29?
28
Calculate the remainder when 7802533 is divided by 24.
13
What is the remainder when 6725027 is divided by 1479?
14
What is the remainder when 1873504 is divided by 192?
160
What is the remainder when 17921 is divided by 31?
3
What is the remainder when 99183 is divided by 6587?
378
Calculate the remainder when 9134 is divided by 36.
26
Calculate the remainder when 103152553 is divided by 262.
9
What is the remainder when 3011396 is divided by 2375?
2271
What is the remainder when 324890 is divided by 324859?
31
What is the remainder when 10845 is divided by 4939?
967
What is the remainder when 2102558 is divided by 462?
458
What is the remainder when 177232 is divided by 8439?
13
What is the remainder when 22722564 is divided by 102817?
7
What is the remainder when 431228927 is divided by 832?
831
Calculate the remainder when 30825738 is divided by 4.
2
What is the remainder when 1457868 is divided by 15845?
128
What is the remainder when 3026210 is divided by 421?
62
Calculate the remainder when 310966195 is divided by 600.
595
What is the remainder when 14264 is divided by 213?
206
Calculate the remainder when 1349768 is divided by 7218.
2
Calculate the remainder when 500708 is divided by 11.
10
What is the remainder when 964474 is divided by 380?
34
Calculate the remainder when 26702984 is divided by 1456.
1400
What is the remainder when 873350 is divided by 291092?
74
Calculate the remainder when 4669484 is divided by 407.
380
What is the remainder when 1440770 is divided by 7583?
0
Calculate the remainder when 13842171 is divided by 41.
38
What is the remainder when 1196324 is divided by 7818?
170
What is the remainder when 7360495 is divided by 572?
571
What is the remainder when 90454620 is divided by 1407?
1404
What is the remainder when 47343 is divided by 169?
23
What is the remainder when 58939870 is divided by 96?
94
What is the remainder when 19809364 is divided by 2160?
4
What is the remainder when 127868933 is divided by 42622965?
38
Calculate the remainder when 172150 is divided by 545.
475
What is the remainder when 13930561 is divided by 93?
91
Calculate the remainder when 3813898 is divided by 74760.
1138
Calculate the remainder when 225343 is divided by 12514.
91
Calculate the remainder when 2255480 is divided by 451.
29
What is the remainder when 1335285 is divided by 667616?
53
What is the remainder when 654027 is divided by 59278?
1969
What is the remainder when 6107518 is divided by 1?
0
Calculate the remainder when 1608589 is divided by 437.
429
What is the remainder when 129177 is divided by 430?
177
What is the remainder when 1422670 is divided by 410?
380
Calculate the remainder when 22944093 is divided by 62.
1
Calculate the remainder when 20917873 is divided by 6972623.
4
What is the remainder when 2367 is divided by 152?
87
What is the remainder when 116220 is divided by 4212?
2496
What is the remainder when 50168383 is divided by 16?
15
Calculate the remainder when 66253 is divided by 22005.
238
What is the remainder when 9519971 is divided by 27?
14
Calculate the remainder when 396032 is divided by 44002.
14
What is the remainder when 14633 is divided by 813?
812
Calculate the remainder when 875611 is divided by 230.
1
Calculate the remainder when 3451474 is divided by 18457.
15
Calculate the remainder when 3852191 is divided by 1284062.
5
Calculate the remainder when 4930600 is divided by 616323.
16
Calculate the remainder when 21422 is divided by 10690.
42
What is the remainder when 49118384 is divided by 4972?
4968
What is the remainder when 3377900 is divided by 307079?
31
Calculate the remainder when 379259 is divided by 22.
1
What is the remainder when 51376 is divided by 1899?
103
What is the remainder when 8674921 is divided by 210?
31
What is the remainder when 14429396 is divided by 296?
284
Calculate the remainder when 86234682 is divided by 3193877.
3
What is the remainder when 423004347 is divided by 1507?
1503
Calculate the remainder when 1441521 is divided by 716.
213
Calculate the remainder when 302494 is divided by 1909.
872
What is the remainder when 116771148 is divided by 475?
473
Calculate the remainder when 996312 is divided by 464.
104
Calculate the remainder when 199100 is divided by 1793.
77
Calculate the remainder when 24281705 is divided by 24281697.
8
What is the remainder when 73105 is divided by 3645?
205
What is the remainder when 13214782 is divided by 95?
92
Calculate the remainder when 32157573 is divided by 456.
453
What is the remainder when 19347836 is divided by 1883?
11
What is the remainder when 3607457 is